{"id":2176,"date":"2022-01-21T23:05:17","date_gmt":"2022-01-21T22:05:17","guid":{"rendered":"https:\/\/minilink.no\/kurs\/produkt\/hms-kurs-grunnkurs\/"},"modified":"2022-10-03T15:41:56","modified_gmt":"2022-10-03T13:41:56","slug":"hms-kurs-grunnkurs","status":"publish","type":"product","link":"https:\/\/minilink.no\/kurs\/produkt\/hms-kurs-grunnkurs\/","title":{"rendered":"HMS grunnkurs for ansatte"},"content":{"rendered":"<p class=\"has-normal-font-size\">Grunnkurs HMS er for deg som ikke n\u00f8dvendigvis har lederrolle i bedriften,<br \/>\nmen likevel \u00f8nsker \u00e5 ha dokumentasjon p\u00e5 din kompetanse innen HMS.<\/p>\n<p><strong>Dette kurset sikrer god HMS kompetanse blant ansatte i bedriften.<\/strong><\/p>\n<p>Hvorfor kan et generelt HMS kurs v\u00e6re nyttig?\u00a0Det er flere grunner til det:<\/p>\n<ul>\n<li><em>Flere oppdragsgivere krever at de ansatte som skal inn i bedriften \u00e5 jobbe har HMS kompetanse.<\/em><\/li>\n<li><em>Mellomledere med spesielt ansvar kan ha behov for HMS kompetanse.<\/em><\/li>\n<li><em>Ofte forbedrer HMS kompetanse arbeidsmilj\u00f8et.<\/em><\/li>\n<li><em>Ansatte f\u00e5r kompetanse innen HMS.<\/em><\/li>\n<li><em>En del av utviklingen.<\/em><\/li>\n<\/ul>\n<h2>M\u00e5lgruppe<\/h2>\n<p><em>Alle<\/em>.<\/p>\n<h2>Innhold<\/h2>\n<ul>\n<li class=\"p1\"><em>Arbeidsmilj\u00f8loven og forskrifter.<\/em><\/li>\n<li class=\"p1\"><em>Systematisk HMS arbeid.<\/em><\/li>\n<li class=\"p1\"><em>Arbeidsmilj\u00f8faktorer.<\/em><\/li>\n<li class=\"p1\"><em>Arbeidsmilj\u00f8 og arbeidsrelasjoner.<\/em><\/li>\n<li class=\"p1\"><em>Inkluderende arbeidsliv.<\/em><\/li>\n<\/ul>\n","protected":false},"excerpt":{"rendered":"<p>Grunnkurs HMS er for deg som ikke n\u00f8dvendigvis har lederrolle i bedriften, men likevel \u00f8nsker \u00e5 ha dokumentasjon p\u00e5 din [&hellip;]<\/p>\n","protected":false},"featured_media":2347,"template":"","meta":{"_regular_price":["990"],"currency_symbol":[],"ub_ctt_via":""},"product_cat":[39],"product_tag":[],"class_list":["post-2176","product","type-product","status-publish","has-post-thumbnail","hentry","product_cat-hms"],"post_slider_layout_featured_media_urls":{"thumbnail":["https:\/\/minilink.no\/kurs\/wp-content\/uploads\/2022\/01\/forside-HMS-ansatte-kurs-150x150.jpg",150,150,true],"post_slider_layout_landscape_large":["https:\/\/minilink.no\/kurs\/wp-content\/uploads\/2022\/01\/forside-HMS-ansatte-kurs-1200x800.jpg",1200,800,true],"post_slider_layout_portrait_large":["https:\/\/minilink.no\/kurs\/wp-content\/uploads\/2022\/01\/forside-HMS-ansatte-kurs-1200x1800.jpg",1200,1800,true],"post_slider_layout_square_large":["https:\/\/minilink.no\/kurs\/wp-content\/uploads\/2022\/01\/forside-HMS-ansatte-kurs-1200x1200.jpg",1200,1200,true],"post_slider_layout_landscape":["https:\/\/minilink.no\/kurs\/wp-content\/uploads\/2022\/01\/forside-HMS-ansatte-kurs-600x400.jpg",600,400,true],"post_slider_layout_portrait":["https:\/\/minilink.no\/kurs\/wp-content\/uploads\/2022\/01\/forside-HMS-ansatte-kurs-600x900.jpg",600,900,true],"post_slider_layout_square":["https:\/\/minilink.no\/kurs\/wp-content\/uploads\/2022\/01\/forside-HMS-ansatte-kurs-600x600.jpg",600,600,true],"full":["https:\/\/minilink.no\/kurs\/wp-content\/uploads\/2022\/01\/forside-HMS-ansatte-kurs-scaled.jpg",1845,2560,false]},"_links":{"self":[{"href":"https:\/\/minilink.no\/kurs\/wp-json\/wp\/v2\/product\/2176","targetHints":{"allow":["GET"]}}],"collection":[{"href":"https:\/\/minilink.no\/kurs\/wp-json\/wp\/v2\/product"}],"about":[{"href":"https:\/\/minilink.no\/kurs\/wp-json\/wp\/v2\/types\/product"}],"version-history":[{"count":0,"href":"https:\/\/minilink.no\/kurs\/wp-json\/wp\/v2\/product\/2176\/revisions"}],"wp:featuredmedia":[{"embeddable":true,"href":"https:\/\/minilink.no\/kurs\/wp-json\/wp\/v2\/media\/2347"}],"wp:attachment":[{"href":"https:\/\/minilink.no\/kurs\/wp-json\/wp\/v2\/media?parent=2176"}],"wp:term":[{"taxonomy":"product_cat","embeddable":true,"href":"https:\/\/minilink.no\/kurs\/wp-json\/wp\/v2\/product_cat?post=2176"},{"taxonomy":"product_tag","embeddable":true,"href":"https:\/\/minilink.no\/kurs\/wp-json\/wp\/v2\/product_tag?post=2176"}],"curies":[{"name":"wp","href":"https:\/\/api.w.org\/{rel}","templated":true}]}}