{"id":2262,"date":"2022-01-22T22:26:18","date_gmt":"2022-01-22T21:26:18","guid":{"rendered":"https:\/\/minilink.no\/kurs\/?post_type=product&#038;p=2262"},"modified":"2022-10-03T15:41:43","modified_gmt":"2022-10-03T13:41:43","slug":"kjemikaliekurs","status":"publish","type":"product","link":"https:\/\/minilink.no\/kurs\/produkt\/kjemikaliekurs\/","title":{"rendered":"Kjemikaliekurs bruk, sikkerhet og oppbevaring"},"content":{"rendered":"<p style=\"padding-left: 40px;\">Norske myndigheter stiller strenge krav til bedrifter som arbeider med kjemikalier. Med hensyn til oppl\u00e6ring av ansatte st\u00e5r det i \u00a7 3-4 at arbeidsgiver skal s\u00f8rge for at arbeidstaker og verneombudet f\u00e5r oppl\u00e6ring slik at de kan utf\u00f8re sine arbeidsoppgaver i tilknytning til bruk av kjemikalier p\u00e5 en trygg og forskriftsmessig m\u00e5te. (Forskrift om utf\u00f8relse av arbeid, bruk av arbeidsutstyr og tilh\u00f8rende tekniske krav).<\/p>\n<div class=\"tp-divider\"><\/div>\n<p>Kurs i kjemikalieh\u00e5ndtering skal s\u00f8rge for at deltakerne f\u00e5r kunnskap om h\u00e5ndtering av kjemikalier slik at de etter endt kurs kan h\u00e5ndtere kjemikalier p\u00e5 en forsvarlig m\u00e5te og i henhold til de krav myndighetene stiller i lov og forskrifter. Videre skal kandidaten kunne redegj\u00f8re for hvordan de kan forebygge ulykker og helseskader ved arbeid med kjemikalier, og kunne bruke lover, forskrifter og andre kilder som gir informasjon om merking og h\u00e5ndtering av kjemikalier og helsefarlige stoffer.<\/p>\n<p>Dette nettbaserte kurset g\u00e5r blant annet igjennom:<br \/>\n\u2013 Lover og regler<br \/>\n\u2013 Risikovurdering<br \/>\n\u2013 Substitusjonsplikt<br \/>\n\u2013 Oppl\u00e6ring<br \/>\n\u2013 Sikkerhetsdatablader<br \/>\n\u2013 Merking<br \/>\n\u2013 Stoffkartotek<br \/>\n\u2013 Verneutstyr<br \/>\n\u2013 Oppbevaring<br \/>\n\u2013 Registrering av arbeidstakere som utsettes for s\u00e6rlig farlig kjemikalier<br \/>\n\u2013 Helseunders\u00f8kelser<br \/>\n\u2013 Beredskap<br \/>\n\u2013 Hygieniske tiltak<\/p>\n<p>&#8211; Hva betyr de ulike merkingene?<br \/>\n&#8211; H og P-setninger<br \/>\n&#8211; Om-emballering og merking<br \/>\n&#8211; Helsefare og skader<br \/>\n&#8211; Milj\u00f8 og avfall<\/p>\n<p>M\u00e5lgruppe: Alle som arbeider med eller kommer i kontakt med kjemikalier, eller som har ansvar i tilknytning til kjemikaliebehandling.<br \/>\nEksempel: Industri, oppdrett, skoler, rengj\u00f8ringsfirma, produksjonsbedrifter, landbruk, utsalgssteder etc&#8230;<\/p>\n","protected":false},"excerpt":{"rendered":"<p>Norske myndigheter stiller strenge krav til bedrifter som arbeider med kjemikalier. Med hensyn til oppl\u00e6ring av ansatte st\u00e5r det i [&hellip;]<\/p>\n","protected":false},"featured_media":2303,"template":"","meta":{"_regular_price":["790"],"currency_symbol":[],"ub_ctt_via":""},"product_cat":[39],"product_tag":[],"class_list":["post-2262","product","type-product","status-publish","has-post-thumbnail","hentry","product_cat-hms"],"post_slider_layout_featured_media_urls":{"thumbnail":["https:\/\/minilink.no\/kurs\/wp-content\/uploads\/2022\/01\/reklame-forside-150x150.jpg",150,150,true],"post_slider_layout_landscape_large":["https:\/\/minilink.no\/kurs\/wp-content\/uploads\/2022\/01\/reklame-forside-1200x800.jpg",1200,800,true],"post_slider_layout_portrait_large":["https:\/\/minilink.no\/kurs\/wp-content\/uploads\/2022\/01\/reklame-forside-1200x1800.jpg",1200,1800,true],"post_slider_layout_square_large":["https:\/\/minilink.no\/kurs\/wp-content\/uploads\/2022\/01\/reklame-forside-1200x1200.jpg",1200,1200,true],"post_slider_layout_landscape":["https:\/\/minilink.no\/kurs\/wp-content\/uploads\/2022\/01\/reklame-forside-600x400.jpg",600,400,true],"post_slider_layout_portrait":["https:\/\/minilink.no\/kurs\/wp-content\/uploads\/2022\/01\/reklame-forside-600x900.jpg",600,900,true],"post_slider_layout_square":["https:\/\/minilink.no\/kurs\/wp-content\/uploads\/2022\/01\/reklame-forside-600x600.jpg",600,600,true],"full":["https:\/\/minilink.no\/kurs\/wp-content\/uploads\/2022\/01\/reklame-forside-scaled.jpg",1845,2560,false]},"_links":{"self":[{"href":"https:\/\/minilink.no\/kurs\/wp-json\/wp\/v2\/product\/2262","targetHints":{"allow":["GET"]}}],"collection":[{"href":"https:\/\/minilink.no\/kurs\/wp-json\/wp\/v2\/product"}],"about":[{"href":"https:\/\/minilink.no\/kurs\/wp-json\/wp\/v2\/types\/product"}],"version-history":[{"count":0,"href":"https:\/\/minilink.no\/kurs\/wp-json\/wp\/v2\/product\/2262\/revisions"}],"wp:featuredmedia":[{"embeddable":true,"href":"https:\/\/minilink.no\/kurs\/wp-json\/wp\/v2\/media\/2303"}],"wp:attachment":[{"href":"https:\/\/minilink.no\/kurs\/wp-json\/wp\/v2\/media?parent=2262"}],"wp:term":[{"taxonomy":"product_cat","embeddable":true,"href":"https:\/\/minilink.no\/kurs\/wp-json\/wp\/v2\/product_cat?post=2262"},{"taxonomy":"product_tag","embeddable":true,"href":"https:\/\/minilink.no\/kurs\/wp-json\/wp\/v2\/product_tag?post=2262"}],"curies":[{"name":"wp","href":"https:\/\/api.w.org\/{rel}","templated":true}]}}