{"id":2306,"date":"2022-01-15T20:30:36","date_gmt":"2022-01-15T19:30:36","guid":{"rendered":"https:\/\/minilink.no\/kurs\/?post_type=product&#038;p=2306"},"modified":"2022-10-03T15:42:41","modified_gmt":"2022-10-03T13:42:41","slug":"farlig-verktoy","status":"publish","type":"product","link":"https:\/\/minilink.no\/kurs\/produkt\/farlig-verktoy\/","title":{"rendered":"Farlig verkt\u00f8y"},"content":{"rendered":"<h4>Farlig verkt\u00f8y<\/h4>\n<p>Skal du bruke verkt\u00f8y som kan v\u00e6re farlig i jobben ?<br \/>\nDa trenger du dokumentert oppl\u00e6ring.<\/p>\n<p><img loading=\"lazy\" decoding=\"async\" class=\"alignnone size-medium wp-image-6290\" style=\"font-size: 1rem;\" src=\"https:\/\/minilink.no\/kurs\/wp-content\/uploads\/2022\/01\/oversikt-277x300.jpg\" alt=\"\" width=\"277\" height=\"300\" srcset=\"https:\/\/minilink.no\/kurs\/wp-content\/uploads\/2022\/01\/oversikt-277x300.jpg 277w, https:\/\/minilink.no\/kurs\/wp-content\/uploads\/2022\/01\/oversikt-400x434.jpg 400w, https:\/\/minilink.no\/kurs\/wp-content\/uploads\/2022\/01\/oversikt-600x650.jpg 600w, https:\/\/minilink.no\/kurs\/wp-content\/uploads\/2022\/01\/oversikt-945x1024.jpg 945w, https:\/\/minilink.no\/kurs\/wp-content\/uploads\/2022\/01\/oversikt-768x832.jpg 768w, https:\/\/minilink.no\/kurs\/wp-content\/uploads\/2022\/01\/oversikt-11x12.jpg 11w, https:\/\/minilink.no\/kurs\/wp-content\/uploads\/2022\/01\/oversikt.jpg 1145w\" sizes=\"auto, (max-width: 277px) 100vw, 277px\" \/><\/p>\n<h4 class=\"page__title h2\">\u00a7 10-1. Krav om dokumentert sikkerhetsoppl\u00e6ring for arbeidsutstyr som krever s\u00e6rlig forsiktighet ved bruk<\/h4>\n<div class=\"page__body\">\n<div class=\"regulation-reset\">\n<div class=\"article-wrapper\">\n<article id=\"kapittel-3-kapittel-1-paragraf-1-ledd-1\" class=\"legalP\">N\u00e5r arbeidsgiver etter en risikovurdering finner at arbeidsutstyret krever s\u00e6rlig forsiktighet ved bruk, kan det bare benyttes arbeidstakere som har dokumentert sikkerhetsoppl\u00e6ring etter \u00a7 10-2.<\/article>\n<\/div>\n<\/div>\n<\/div>\n<article><\/article>\n<article>\n<h4 class=\"page__title h2\">10-2. Krav om dokumentert sikkerhetsoppl\u00e6ring ved bruk av arbeidsutstyr<\/h4>\n<div class=\"page__body\">\n<div class=\"regulation-reset\">\n<div class=\"article-wrapper\">\n<article id=\"kapittel-3-kapittel-1-paragraf-2-ledd-1\" class=\"legalP\">Den som skal bruke arbeidsutstyr som nevnt i \u00a7 10-1 og \u00a7 10-3, skal ha praktisk og teoretisk oppl\u00e6ring som gir kunnskaper om oppbygging, betjening, bruksegenskaper og bruksomr\u00e5de, samt vedlikehold og kontroll.<br \/>\nOppl\u00e6ringen skal gi kunnskaper om de krav som stilles til sikker bruk og betjening i forskrifter og i bruksanvisning.<\/article>\n<\/div>\n<\/div>\n<\/div>\n<\/article>\n<article><\/article>\n<h4>M\u00e5lgruppe:<\/h4>\n<p>Alle som jobber med farlige verkt\u00f8y<\/p>\n<h4>Temaer i kurset:<\/h4>\n<ul>\n<li>Generell HMS<\/li>\n<li>Vinkelsliper<\/li>\n<li>Borhammer,\u00a0 pigghammer og kombihammer<\/li>\n<li>Boltepistol<\/li>\n<li>Spikerpistol<\/li>\n<li>Bygningssag, kapp- og gj\u00e6rsag, sirkelsag, stikksag og bajonettsag.<\/li>\n<li>Kjedesag (motorsag)<\/li>\n<li>Skrumaskin<\/li>\n<\/ul>\n<p>Gir kunnskaper om oppbygging, betjening, bruksegenskaper og bruksomr\u00e5de,<br \/>\nsamt vedlikehold og kontroll av de aktuelle verkt\u00f8yene.<br \/>\nKrav som stilles til sikker bruk og betjening i forskrifter og brukerveiledninger.<\/p>\n<p>Varighet ca 1 &#8211; 2 timer.<\/p>\n<p>Avsluttende eksamen.<\/p>\n","protected":false},"excerpt":{"rendered":"<p>Farlig verkt\u00f8y Skal du bruke verkt\u00f8y som kan v\u00e6re farlig i jobben ? Da trenger du dokumentert oppl\u00e6ring. \u00a7 10-1. [&hellip;]<\/p>\n","protected":false},"featured_media":2339,"template":"","meta":{"_regular_price":["299"],"currency_symbol":[],"ub_ctt_via":""},"product_cat":[41],"product_tag":[],"class_list":["post-2306","product","type-product","status-publish","has-post-thumbnail","hentry","product_cat-bruk-av-arbeidsutstyr"],"post_slider_layout_featured_media_urls":{"thumbnail":["https:\/\/minilink.no\/kurs\/wp-content\/uploads\/2022\/01\/reklame-forside-farlig-verktoy-150x150.jpg",150,150,true],"post_slider_layout_landscape_large":["https:\/\/minilink.no\/kurs\/wp-content\/uploads\/2022\/01\/reklame-forside-farlig-verktoy-1200x800.jpg",1200,800,true],"post_slider_layout_portrait_large":["https:\/\/minilink.no\/kurs\/wp-content\/uploads\/2022\/01\/reklame-forside-farlig-verktoy-1200x1800.jpg",1200,1800,true],"post_slider_layout_square_large":["https:\/\/minilink.no\/kurs\/wp-content\/uploads\/2022\/01\/reklame-forside-farlig-verktoy-1200x1200.jpg",1200,1200,true],"post_slider_layout_landscape":["https:\/\/minilink.no\/kurs\/wp-content\/uploads\/2022\/01\/reklame-forside-farlig-verktoy-600x400.jpg",600,400,true],"post_slider_layout_portrait":["https:\/\/minilink.no\/kurs\/wp-content\/uploads\/2022\/01\/reklame-forside-farlig-verktoy-600x900.jpg",600,900,true],"post_slider_layout_square":["https:\/\/minilink.no\/kurs\/wp-content\/uploads\/2022\/01\/reklame-forside-farlig-verktoy-600x600.jpg",600,600,true],"full":["https:\/\/minilink.no\/kurs\/wp-content\/uploads\/2022\/01\/reklame-forside-farlig-verktoy-scaled.jpg",1845,2560,false]},"_links":{"self":[{"href":"https:\/\/minilink.no\/kurs\/wp-json\/wp\/v2\/product\/2306","targetHints":{"allow":["GET"]}}],"collection":[{"href":"https:\/\/minilink.no\/kurs\/wp-json\/wp\/v2\/product"}],"about":[{"href":"https:\/\/minilink.no\/kurs\/wp-json\/wp\/v2\/types\/product"}],"version-history":[{"count":0,"href":"https:\/\/minilink.no\/kurs\/wp-json\/wp\/v2\/product\/2306\/revisions"}],"wp:featuredmedia":[{"embeddable":true,"href":"https:\/\/minilink.no\/kurs\/wp-json\/wp\/v2\/media\/2339"}],"wp:attachment":[{"href":"https:\/\/minilink.no\/kurs\/wp-json\/wp\/v2\/media?parent=2306"}],"wp:term":[{"taxonomy":"product_cat","embeddable":true,"href":"https:\/\/minilink.no\/kurs\/wp-json\/wp\/v2\/product_cat?post=2306"},{"taxonomy":"product_tag","embeddable":true,"href":"https:\/\/minilink.no\/kurs\/wp-json\/wp\/v2\/product_tag?post=2306"}],"curies":[{"name":"wp","href":"https:\/\/api.w.org\/{rel}","templated":true}]}}