{"id":2321,"date":"2022-01-15T20:32:20","date_gmt":"2022-01-15T19:32:20","guid":{"rendered":"https:\/\/minilink.no\/kurs\/produkt\/hms-kurs-verneombud\/"},"modified":"2022-10-03T15:42:11","modified_gmt":"2022-10-03T13:42:11","slug":"hms-kurs-verneombud","status":"publish","type":"product","link":"https:\/\/minilink.no\/kurs\/produkt\/hms-kurs-verneombud\/","title":{"rendered":"HMS kurs verneombud"},"content":{"rendered":"<h3 id=\"Verneombudogarbeidsmilj\u00f8utvalg\" class=\"header-anchor\" tabindex=\"0\">Verneombud og arbeidsmilj\u00f8utvalg<\/h3>\n<p>Arbeidsgiver skal s\u00f8rge for at verneombudet f\u00e5r den oppl\u00e6ring som er n\u00f8dvendig for \u00e5 utf\u00f8re vervet p\u00e5 en forsvarlig m\u00e5te. I utgangspunktet skal oppl\u00e6ringen v\u00e6re p\u00e5 minst 40 timer, <strong>men partene i den enkelte virksomhet kan i spesielle tilfeller avtale kortere oppl\u00e6ringstid<\/strong>. En slik avtale forutsetter at det ligger en forsvarlighetsvurdering til grunn som tilsier at risikoforholdene i virksomheten er lave.<\/p>\n<p>Dette kurset baserer seg p\u00e5 informasjon som generelt er n\u00f8dvendig for \u00e5 fylle kravene til HMS kurs for verneombud.<br \/>\nDet er ogs\u00e5 en forutsetning at kursdeltaker g\u00e5r inn p\u00e5 linkene som er i hver leksjon \u00e5 setter seg inn i lover \/ forskrifter.<\/p>\n<h3 class=\"paragrafHeader\"><span class=\" paragrafValue \">\u00a7 3-19.<\/span><span class=\" paragrafTittel \"><em class=\" \">Varighet av oppl\u00e6ringen av verneombud og medlemmer av arbeidsmilj\u00f8utvalg<\/em><\/span><\/h3>\n<p class=\"morTag_a avsnitt\" data-uid=\"0\">Oppl\u00e6ringens varighet skal v\u00e6re minst 40 timer. <strong>Det kan avtales en kortere oppl\u00e6ring enn 40 timer<\/strong>, dersom partene i fellesskap er kommet fram til at det er forsvarlig ut fra en vurdering av problemenes karakter og omfang.<\/p>\n","protected":false},"excerpt":{"rendered":"<p>Verneombud og arbeidsmilj\u00f8utvalg Arbeidsgiver skal s\u00f8rge for at verneombudet f\u00e5r den oppl\u00e6ring som er n\u00f8dvendig for \u00e5 utf\u00f8re vervet p\u00e5 [&hellip;]<\/p>\n","protected":false},"featured_media":2348,"template":"","meta":{"_regular_price":["1390"],"currency_symbol":[],"ub_ctt_via":""},"product_cat":[39],"product_tag":[],"class_list":["post-2321","product","type-product","status-publish","has-post-thumbnail","hentry","product_cat-hms"],"post_slider_layout_featured_media_urls":{"thumbnail":["https:\/\/minilink.no\/kurs\/wp-content\/uploads\/2022\/01\/forside-HMS-verneombud-kurs-150x150.jpg",150,150,true],"post_slider_layout_landscape_large":["https:\/\/minilink.no\/kurs\/wp-content\/uploads\/2022\/01\/forside-HMS-verneombud-kurs-1200x800.jpg",1200,800,true],"post_slider_layout_portrait_large":["https:\/\/minilink.no\/kurs\/wp-content\/uploads\/2022\/01\/forside-HMS-verneombud-kurs-1200x1800.jpg",1200,1800,true],"post_slider_layout_square_large":["https:\/\/minilink.no\/kurs\/wp-content\/uploads\/2022\/01\/forside-HMS-verneombud-kurs-1200x1200.jpg",1200,1200,true],"post_slider_layout_landscape":["https:\/\/minilink.no\/kurs\/wp-content\/uploads\/2022\/01\/forside-HMS-verneombud-kurs-600x400.jpg",600,400,true],"post_slider_layout_portrait":["https:\/\/minilink.no\/kurs\/wp-content\/uploads\/2022\/01\/forside-HMS-verneombud-kurs-600x900.jpg",600,900,true],"post_slider_layout_square":["https:\/\/minilink.no\/kurs\/wp-content\/uploads\/2022\/01\/forside-HMS-verneombud-kurs-600x600.jpg",600,600,true],"full":["https:\/\/minilink.no\/kurs\/wp-content\/uploads\/2022\/01\/forside-HMS-verneombud-kurs-scaled.jpg",1845,2560,false]},"_links":{"self":[{"href":"https:\/\/minilink.no\/kurs\/wp-json\/wp\/v2\/product\/2321","targetHints":{"allow":["GET"]}}],"collection":[{"href":"https:\/\/minilink.no\/kurs\/wp-json\/wp\/v2\/product"}],"about":[{"href":"https:\/\/minilink.no\/kurs\/wp-json\/wp\/v2\/types\/product"}],"version-history":[{"count":0,"href":"https:\/\/minilink.no\/kurs\/wp-json\/wp\/v2\/product\/2321\/revisions"}],"wp:featuredmedia":[{"embeddable":true,"href":"https:\/\/minilink.no\/kurs\/wp-json\/wp\/v2\/media\/2348"}],"wp:attachment":[{"href":"https:\/\/minilink.no\/kurs\/wp-json\/wp\/v2\/media?parent=2321"}],"wp:term":[{"taxonomy":"product_cat","embeddable":true,"href":"https:\/\/minilink.no\/kurs\/wp-json\/wp\/v2\/product_cat?post=2321"},{"taxonomy":"product_tag","embeddable":true,"href":"https:\/\/minilink.no\/kurs\/wp-json\/wp\/v2\/product_tag?post=2321"}],"curies":[{"name":"wp","href":"https:\/\/api.w.org\/{rel}","templated":true}]}}