{"id":2580,"date":"2022-01-31T22:09:06","date_gmt":"2022-01-31T21:09:06","guid":{"rendered":"https:\/\/minilink.no\/kurs\/?post_type=product&#038;p=2580"},"modified":"2022-10-03T15:41:11","modified_gmt":"2022-10-03T13:41:11","slug":"hms-kurs-jordbruk","status":"publish","type":"product","link":"https:\/\/minilink.no\/kurs\/produkt\/hms-kurs-jordbruk\/","title":{"rendered":"HMS kurs Jordbruk"},"content":{"rendered":"<div class=\"elementor-element elementor-element-47ab027d elementor-widget elementor-widget-text-editor\" data-id=\"47ab027d\" data-element_type=\"widget\" data-widget_type=\"text-editor.default\">\n<div class=\"elementor-widget-container optml-bg-lazyloaded\">\n<p><strong>HMS kurs for bedriftens \u00f8verste leder er\u00a0obligatorisk<\/strong><\/p>\n<p class=\"p1\">HMS-oppl\u00e6ring for ledere og mellomledere.<br \/>\nDette kurset dekker kravet om HMS-oppl\u00e6ring for arbeidsgiver i henhold til arbeidsmilj\u00f8loven \u00a73-5.<br \/>\nI tillegg til \u00e5 dekke dette lovkravet, passer kurset ogs\u00e5 for andre ledere.<br \/>\nEn felles kunnskapsforst\u00e5else innen HMS, som dette kurset gir, er viktig,<br \/>\nog Norsk Industri anbefaler derfor bedrifter \u00e5 gi alle ledere denne HMS-oppl\u00e6ringen.<\/p>\n<div>\n<div><strong>Alle norske b\u00f8nder som har andre personer enn n\u00e6r familie til \u00e5 arbeide for seg, m\u00e5 ha oppl\u00e6ring i helse, milj\u00f8 og sikkerhet p\u00e5 samme m\u00e5te som \u00f8vrige ledere i n\u00e6rings\u00adlivet.<\/strong><\/div>\n<\/div>\n<div>\n<div>Den nye arbeidsmilj\u00f8loven, som tr\u00e5dte i kraft 1. januar 2006, har f\u00e5tt med en ny bestemmelse om at \u00f8verste leder i en virksomhet plikter \u00e5 gjennomg\u00e5 oppl\u00e6ring i HMS-arbeid. Denne oppl\u00e6ringen skal gi arbeidsgiver kunnskap om grunnprinsippene i systematisk arbeid med HMS, og gjelder for alle som har folk i arbeid for kortere eller lengre tid, ogs\u00e5 i landbruket.<\/div>\n<\/div>\n<\/div>\n<\/div>\n<section class=\"elementor-section elementor-inner-section elementor-element elementor-element-291d473 elementor-section-boxed elementor-section-height-default elementor-section-height-default\" data-id=\"291d473\" data-element_type=\"section\">\n<div class=\"elementor-container elementor-column-gap-no\">\n<div class=\"elementor-column elementor-col-50 elementor-inner-column elementor-element elementor-element-fa91218\" data-id=\"fa91218\" data-element_type=\"column\">\n<div class=\"elementor-widget-wrap elementor-element-populated\">\n<div class=\"elementor-element elementor-element-7d0dc95 elementor-tablet-align-justify elementor-widget elementor-widget-button\" data-id=\"7d0dc95\" data-element_type=\"widget\" data-widget_type=\"button.default\">\n<div class=\"elementor-widget-container optml-bg-lazyloaded\">\n<div class=\"elementor-button-wrapper\">\n<h2>Innhold<\/h2>\n<ul>\n<li>Innf\u00f8ring i arbeidsmilj\u00f8lovens.<\/li>\n<li>Arbeidsmilj\u00f8lovens forskrifter.<\/li>\n<li>Kunnskap om arbeidsmilj\u00f8lovens bestemmelser og dens forskrifter som har s\u00e6rlig betydning for egen virksomhet og bransje.<\/li>\n<li>Kunnskap om:\n<ul>\n<li>Arbeidsgivers plikter.<\/li>\n<li>Arbeidstakers rett og plikt til medvirkning.<\/li>\n<li>Verneombudets funksjon og oppgaver.<\/li>\n<li>Arbeidsmilj\u00f8utvalgets funksjon og oppgaver.<\/li>\n<li>Bedriftshelsetjenestens funksjon.<\/li>\n<\/ul>\n<\/li>\n<\/ul>\n<\/div>\n<h1><em><strong>Gjennomf\u00f8ring<\/strong><\/em><\/h1>\n<h2>&#8211; <strong>Du leser gjennom og setter deg inn i kurset<\/strong><\/h2>\n<p>Kurset tar for seg alle p\u00e5krevde aspekter, deriblant Arbeidsmilj\u00f8loven forskrifter.<br \/>\nLovverket er organisert slik at du finner lett frem.<br \/>\nDu kan bruke s\u00e5 lang tid som du \u00f8nsker,<br \/>\nog du trenger ikke gj\u00f8re det sammenhengende.<br \/>\nDu kan fortsette der du var n\u00e5r du logger inn igjen.<\/p>\n<h2>&#8211; K<strong>unnskapstesten<\/strong><\/h2>\n<p>N\u00e5r du har lest gjennom kurset tar du eksamen.<br \/>\nDu m\u00e5 svare riktig p\u00e5 80% av sp\u00f8rsm\u00e5lene for \u00e5 best\u00e5 HMS kurset.<br \/>\nDu kan fors\u00f8ke 10 ganger om du trenger det.<br \/>\nDette m\u00e5 du gj\u00f8res sammenhengende og tar ca 30 &#8211; 45 minutter.<br \/>\n(Maks tid er 45 minutter p\u00e5 eksamen)<\/p>\n<\/div>\n<\/div>\n<\/div>\n<\/div>\n<\/div>\n<\/section>\n","protected":false},"excerpt":{"rendered":"<p>HMS kurs for bedriftens \u00f8verste leder er\u00a0obligatorisk HMS-oppl\u00e6ring for ledere og mellomledere. Dette kurset dekker kravet om HMS-oppl\u00e6ring for arbeidsgiver [&hellip;]<\/p>\n","protected":false},"featured_media":2755,"template":"","meta":{"_regular_price":["790"],"currency_symbol":[],"ub_ctt_via":""},"product_cat":[39],"product_tag":[],"class_list":["post-2580","product","type-product","status-publish","has-post-thumbnail","hentry","product_cat-hms"],"post_slider_layout_featured_media_urls":{"thumbnail":["https:\/\/minilink.no\/kurs\/wp-content\/uploads\/2022\/01\/landbruk-kurs-hms-150x150.jpg",150,150,true],"post_slider_layout_landscape_large":["https:\/\/minilink.no\/kurs\/wp-content\/uploads\/2022\/01\/landbruk-kurs-hms-1200x800.jpg",1200,800,true],"post_slider_layout_portrait_large":["https:\/\/minilink.no\/kurs\/wp-content\/uploads\/2022\/01\/landbruk-kurs-hms-1200x1800.jpg",1200,1800,true],"post_slider_layout_square_large":["https:\/\/minilink.no\/kurs\/wp-content\/uploads\/2022\/01\/landbruk-kurs-hms-1200x1200.jpg",1200,1200,true],"post_slider_layout_landscape":["https:\/\/minilink.no\/kurs\/wp-content\/uploads\/2022\/01\/landbruk-kurs-hms-600x400.jpg",600,400,true],"post_slider_layout_portrait":["https:\/\/minilink.no\/kurs\/wp-content\/uploads\/2022\/01\/landbruk-kurs-hms-600x900.jpg",600,900,true],"post_slider_layout_square":["https:\/\/minilink.no\/kurs\/wp-content\/uploads\/2022\/01\/landbruk-kurs-hms-600x600.jpg",600,600,true],"full":["https:\/\/minilink.no\/kurs\/wp-content\/uploads\/2022\/01\/landbruk-kurs-hms-scaled.jpg",1845,2560,false]},"_links":{"self":[{"href":"https:\/\/minilink.no\/kurs\/wp-json\/wp\/v2\/product\/2580","targetHints":{"allow":["GET"]}}],"collection":[{"href":"https:\/\/minilink.no\/kurs\/wp-json\/wp\/v2\/product"}],"about":[{"href":"https:\/\/minilink.no\/kurs\/wp-json\/wp\/v2\/types\/product"}],"version-history":[{"count":0,"href":"https:\/\/minilink.no\/kurs\/wp-json\/wp\/v2\/product\/2580\/revisions"}],"wp:featuredmedia":[{"embeddable":true,"href":"https:\/\/minilink.no\/kurs\/wp-json\/wp\/v2\/media\/2755"}],"wp:attachment":[{"href":"https:\/\/minilink.no\/kurs\/wp-json\/wp\/v2\/media?parent=2580"}],"wp:term":[{"taxonomy":"product_cat","embeddable":true,"href":"https:\/\/minilink.no\/kurs\/wp-json\/wp\/v2\/product_cat?post=2580"},{"taxonomy":"product_tag","embeddable":true,"href":"https:\/\/minilink.no\/kurs\/wp-json\/wp\/v2\/product_tag?post=2580"}],"curies":[{"name":"wp","href":"https:\/\/api.w.org\/{rel}","templated":true}]}}